{"id":7956,"date":"2024-09-20T09:40:07","date_gmt":"2024-09-20T07:40:07","guid":{"rendered":"http:\/\/lawyers-attorneys.vamtam.com\/?page_id=7956"},"modified":"2024-09-20T11:09:35","modified_gmt":"2024-09-20T09:09:35","slug":"practice-areas","status":"publish","type":"page","link":"https:\/\/gobin-dethuin-ponthieu.notaires.fr\/?page_id=7956","title":{"rendered":"Nos comp\u00e9tences"},"content":{"rendered":"<div class=\"push\" style='height:50px'><\/div>\n<div class=\"row \"><div class=\"wpv-grid grid-1-3  wpv-first-level first unextended\" style=\"padding-top:0px;padding-bottom:0px\" id=\"wpv-column-bfdecc6120603a88dcb312dc561c475e\" ><div class=\"row \"><div class=\"wpv-grid grid-1-1  first unextended\" style=\"padding-top:0px;padding-bottom:0px\" id=\"wpv-column-c7796341abf82e7d4c3fd1600b2b1bbd\" >\n<div  data-target=\"_self\" class=\"linkarea clearfix   background-transparent\">\n\t\t\t<div class=\"first\"><img loading=\"lazy\" decoding=\"async\" width=\"55\" height=\"55\" src=\"https:\/\/gobin-dethuin-ponthieu.notaires.fr\/wp-content\/uploads\/2024\/01\/Picto_DF.png\" class=\"attachment-full size-full\" alt=\"\" \/><\/div>\n\t\t\t\t<div class=\"last\"><h3 style=\"text-align: center;\">DROIT DE LA FAMILLE<\/h3>\n<div class=\"push\" style='margin-bottom:-20px'><\/div>\n<div class=\"sep-2\"><\/div>\n<strong>La vie d\u2019une famille est rythm\u00e9e par des moments clefs au cours desquels le conseil et l\u2019intervention du notaire sont primordiaux.<\/strong><\/p>\n<p>Qu\u2019il s\u2019agisse, par exemple, de projets d\u2019unions (mariage, pacs, union libre), de transmissions (donations, successions, testaments) ou encore d\u2019organisation de la vie familiale (adoption, reconnaissance anticip\u00e9e d\u2019enfants), nous vous accompagnons pour vous conseiller selon les particularit\u00e9s et les sp\u00e9cificit\u00e9s de votre situation afin de fa\u00e7onner des actes qui correspondent \u00e0 vos besoins.<br \/>\n<div class=\"push\" style='height:30px'><\/div><\/div>\n\t<\/div><\/div><\/div><\/div>\n<div class=\"wpv-grid grid-1-3  wpv-first-level unextended\" style=\"padding-top:0px;padding-bottom:0px\" id=\"wpv-column-776edcebb3c61336f2e2d1ce77c1b126\" ><div class=\"row \"><div class=\"wpv-grid grid-1-1  first unextended\" style=\"padding-top:0px;padding-bottom:0px\" id=\"wpv-column-a535acf0a83a3bf6de846791786d91a2\" >\n<div  data-target=\"_self\" class=\"linkarea clearfix   background-transparent\">\n\t\t\t<div class=\"first\"><img loading=\"lazy\" decoding=\"async\" width=\"55\" height=\"55\" src=\"https:\/\/gobin-dethuin-ponthieu.notaires.fr\/wp-content\/uploads\/2024\/01\/Picto_DI.png\" class=\"attachment-full size-full\" alt=\"\" \/><\/div>\n\t\t\t\t<div class=\"last\"><h3 style=\"text-align: center;\">DROIT IMMOBILIER<\/h3>\n<div class=\"push\" style='margin-bottom:-20px'><\/div>\n<div class=\"sep-2\"><\/div>\n<strong>Parce que chaque projet immobilier est un projet (de vie) unique, nous accordons un soin particulier et diff\u00e9renci\u00e9 \u00e0 chaque dossier.<\/strong><\/p>\n<p>Que votre projet se situe \u00e0 Paris ou en R\u00e9gions, que vous soyez un particulier, une SCI ou un institutionnel, que votre projet concerne un bien \u00e0 usage d\u2019habitation ou \u00e0 un autre usage, que vous achetiez votre r\u00e9sidence principale ou secondaire, que votre achetiez un bien de rapport, nous saurons en prendre soin.<\/p>\n<p>Nous d\u00e9tenons les comp\u00e9tences qu\u2019il vous faut,<br \/>\nNous sommes l\u00e0 pour vous.<br \/>\n<div class=\"push\" style='height:30px'><\/div><\/div>\n\t<\/div><\/div><\/div><\/div>\n<div class=\"wpv-grid grid-1-3  wpv-first-level unextended\" style=\"padding-top:0px;padding-bottom:0px\" id=\"wpv-column-9c17b601ab02cd62bdb2f0b87e3b5005\" ><div class=\"row \"><div class=\"wpv-grid grid-1-1  first unextended\" style=\"padding-top:0px;padding-bottom:0px\" id=\"wpv-column-1de38c04c0f4a85b568a055702abfee6\" >\n<div  data-target=\"_self\" class=\"linkarea clearfix   background-transparent\">\n\t\t\t<div class=\"first\"><img loading=\"lazy\" decoding=\"async\" width=\"55\" height=\"55\" src=\"https:\/\/gobin-dethuin-ponthieu.notaires.fr\/wp-content\/uploads\/2024\/01\/Picto_DIP.png\" class=\"attachment-full size-full\" alt=\"\" \/><\/div>\n\t\t\t\t<div class=\"last\"><h3 style=\"text-align: center;\">DROIT INTERNATIONAL PRIVE<\/h3>\n<div class=\"push\" style='margin-bottom:-20px'><\/div>\n<div class=\"sep-2\"><\/div>\n<strong>Le monde dans lequel nous vivons ne connait plus de fronti\u00e8res et de plus en plus de situations familiales ou patrimoniales sont confront\u00e9es \u00e0 l\u2019application de lois \u00e9trang\u00e8res.<\/strong><\/p>\n<p>Qu\u2019il s\u2019agisse d\u2019un mariage \u00e0 l\u2019\u00e9tranger ou avec une personne de nationalit\u00e9 diff\u00e9rente, de l\u2019acquisition, de la vente de biens situ\u00e9s \u00e0 l\u2019\u00e9tranger ou encore de la transmission d\u2019un bien au profit d\u2019un enfant vivant \u00e0 l\u2019\u00e9tranger, notre expertise en droit notarial europ\u00e9en et international nous permettra de vous accompagner au mieux dans vos projets.<br \/>\n<div class=\"push\" style='height:30px'><\/div><\/div>\n\t<\/div><\/div><\/div><\/div><\/div>\n<div class=\"push\" style='height:60px'><\/div>\n","protected":false},"excerpt":{"rendered":"","protected":false},"author":1,"featured_media":0,"parent":0,"menu_order":0,"comment_status":"closed","ping_status":"open","template":"","meta":{"footnotes":""},"class_list":["post-7956","page","type-page","status-publish","hentry"],"_links":{"self":[{"href":"https:\/\/gobin-dethuin-ponthieu.notaires.fr\/index.php?rest_route=\/wp\/v2\/pages\/7956","targetHints":{"allow":["GET"]}}],"collection":[{"href":"https:\/\/gobin-dethuin-ponthieu.notaires.fr\/index.php?rest_route=\/wp\/v2\/pages"}],"about":[{"href":"https:\/\/gobin-dethuin-ponthieu.notaires.fr\/index.php?rest_route=\/wp\/v2\/types\/page"}],"author":[{"embeddable":true,"href":"https:\/\/gobin-dethuin-ponthieu.notaires.fr\/index.php?rest_route=\/wp\/v2\/users\/1"}],"replies":[{"embeddable":true,"href":"https:\/\/gobin-dethuin-ponthieu.notaires.fr\/index.php?rest_route=%2Fwp%2Fv2%2Fcomments&post=7956"}],"version-history":[{"count":11,"href":"https:\/\/gobin-dethuin-ponthieu.notaires.fr\/index.php?rest_route=\/wp\/v2\/pages\/7956\/revisions"}],"predecessor-version":[{"id":987796,"href":"https:\/\/gobin-dethuin-ponthieu.notaires.fr\/index.php?rest_route=\/wp\/v2\/pages\/7956\/revisions\/987796"}],"wp:attachment":[{"href":"https:\/\/gobin-dethuin-ponthieu.notaires.fr\/index.php?rest_route=%2Fwp%2Fv2%2Fmedia&parent=7956"}],"curies":[{"name":"wp","href":"https:\/\/api.w.org\/{rel}","templated":true}]}}